- -22274. Calculate the remainder when s is divided by 108.
93
Let l(w) = -129*w - 266. What is the remainder when l(-7) is divided by 207?
16
Suppose -3*t - 5*g + 2 = 0, 2*g + 9 = 2*t - 3. Let v = 60 - -58. What is the remainder when v is divided by (0 - -17) + 4 + t + -5?
18
Let u(z) = z + 28. Let n be u(-20). Suppose -3*f = -2*v - n*f + 78, 0 = -5*v - 3*f + 233. Calculate the remainder when 388 is divided by v.
45
Calculate the remainder when 8/18 + -87*(-3756)/1296*4 is divided by 114.
97
Let y be ((-285)/(-76))/((-6)/(-16)). Suppose 14 = 2*h - 5*i, -5*h + 50 = -y*i + 5*i. Calculate the remainder when 22 is divided by h.
10
What is the remainder when ((-21)/2)/(870/(-82360)) is divided by 125?
119
Let s = 34739 - 34605. Calculate the remainder when 990 is divided by s.
52
Suppose 44*v + 42 = 6906. Calculate the remainder when v is divided by 81.
75
Let n(c) = -10*c**3 + 24*c**2 + 35*c + 13. Let u = 10 - 2. Calculate the remainder when n(-1) is divided by u.
4
Suppose 2*c = -l + 14, -9*c + 5*l = -7*c - 38. Let n be -2*3/c*-3. Calculate the remainder when 163 is divided by 82*20/(-8)*n/(-10).
40
Let d = -474 - -480. Let r = -16 + 43. Calculate the remainder when d is divided by (-102)/(-27) - (-6)/r.
2
Suppose -2*z + 68*y - 70*y = -66, 5*y = -3*z + 105. What is the remainder when 43 is divided by (z/4)/((-40)/(-64))?
7
Calculate the remainder when (-1950)/(-15) + (-48)/16 is divided by 10.
7
Let s(l) = 4*l + 7. Suppose 4*u + 4*z = 12, -3*u + 29 = -z - z. Let w(g) = g**2 - 6*g - 3. What is the remainder when s(3) is divided by w(u)?
3
Let t be (3 + -71)*(-68)/4. Suppose -35*f + t = -31*f. Suppose 5*s - g = 377, -5*g = -0*s - 4*s + f. Calculate the remainder when s is divided by 27.
22
Suppose -4*y - 4*d + 84 = 0, -22*y + 15*y + d = -115. Calculate the remainder when 426 is divided by y.
1
Let a = -6836 + 7773. Calculate the remainder when a is divided by 33.
13
Let t(v) = -66*v**2 - 6*v + 2. Let c(f) = 64*f**2 + 6*f - 2. Let k(a) = 6*c(a) + 5*t(a). What is the remainder when k(2) is divided by 33?
28
Let q(b) = b**3 - 8*b**2 - 24*b + 17. What is the remainder when q(11) is divided by 72?
44
Let b be ((-88)/(-14) - 2)/((-17)/(-714)). What is the remainder when 37 is divided by ((-144)/b)/((-4)/70 + 0)?
9
Let k(b) = -b**3 - 4*b**2 + 119*b + 844. Calculate the remainder when 499 is divided by k(-8).
55
Let w = 232 + -236. Let z(o) = -o**2 - 11*o - 6. Let y be z(-10). What is the remainder when 30 is divided by (w/6)/(y + (-292)/72)?
6
Suppose -6 = 7*d + 8. Let i be -2 + d*(-6 - -5). Suppose 4*u - 4*q - 147 + 43 = i, 4*u - 94 = 2*q. Calculate the remainder when u is divided by 4.
1
Let s = 23 - 13. Suppose 0 = n + 2*n - 2*n. What is the remainder when (-4794)/(-85) + 9/15 + n is divided by s?
7
Let a(m) be the first derivative of m**3/3 + 31*m**2/2 + 73*m + 11. What is the remainder when a(-30) is divided by 22?
21
Let u(a) = 2*a**3 + 13 - 20 + 8 - 5*a**3. Let q be u(-1). Let l(h) = -h**3 + 6*h**2 - 6*h - 4. What is the remainder when l(q) is divided by 4?
0
Let w be (-4)/((-4)/(-24)*(-8 - -5)). Let i(z) = -z**3 + 10*z**2 - 8*z - 35. Calculate the remainder when i(w) is divided by 27.
2
What is the remainder when 27 - -7 - (-12 + 11) is divided by 0/1 - -4 - -9?
9
Suppose 0 = -3*c + 31*y - 33*y + 1726, 5*y + 20 = 0. What is the remainder when c is divided by 37?
23
Let o(t) = 17*t - 6*t - 6*t - 21. Let l be o(5). Suppose l*v + 59 + 25 = 2*g, -4*g + 138 = 2*v. Calculate the remainder when 179 is divided by g.
35
Suppose 40*b - 2*b - 152 = 0. Suppose 2*z - n - 73 = 0, n = -b*z + 67 + 76. Calculate the remainder when 105 is divided by z.
33
Let b be 17456/176 + (9/11 - 1). Let a = 55 - b. Let o = a - -69. Calculate the remainder when 92 is divided by o.
17
Let y(k) = k**3 + 7*k**2 + 3*k - 9. Let j be y(-7). What is the remainder when ((-4898)/35 + 3 + (-88)/1540)*-1 is divided by j/(-4)*24/9?
17
Let n = -44 + 51. What is the remainder when (0 - -31) + 5*(-48)/40 is divided by n?
4
Let m = -9 + -82. Let h = 213 + m. Let c = h - 66. Calculate the remainder when 108 is divided by c.
52
Let o(u) = 12*u**2 + 188*u - 29. Calculate the remainder when (-3367)/(-26) - 2/(-4) is divided by o(-16).
25
Let s = 45 + 49. Let n(k) = -k**3 - 2*k**2 - 9*k - 12. What is the remainder when s is divided by n(-3)?
22
Suppose 1764 + 4628 = -17*q. Let o = 232 - q. What is the remainder when o is divided by 47?
44
Let b(n) = n**2 - 5. Let f = -26 + 21. What is the remainder when (-1)/8*-4*158 is divided by b(f)?
19
Suppose 4*f - f = 4*r - 344, r - 3*f = 95. What is the remainder when 242 is divided by r?
76
Let z = 833 + -469. Suppose -368*q + 1368 = -z*q. What is the remainder when q is divided by 4?
2
Let z = 2792 + -651. Suppose 125 = -18*s + z. What is the remainder when s is divided by 24?
16
Let g = -56 - -69. Suppose 42 + 23 = g*q. Suppose 0 = -3*n - q*n + 432. What is the remainder when n is divided by 11?
10
Suppose 8*w = 5*w - 675. Let g = w - -233. Calculate the remainder when 38 is divided by g.
6
Let u(p) = -3*p**2 - 96*p + 51. Calculate the remainder when u(-30) is divided by ((-116)/12*2)/(2/(-3)).
28
Suppose 128 = 2*j - 392. Suppose -4*o + y - 482 = -0*y, -2*o + 3*y = 256. What is the remainder when 89 is divided by o/(-13) - 40/j?
8
Let u be (-612)/(-24)*4/6. Suppose -4*r + 30 = 2*x, -3*r = x - u + 4. Let w(t) = t**3 + 8*t**2 + 3*t - 1. Calculate the remainder when w(-3) is divided by x.
16
Suppose 42*m + h - 3291 = 41*m, 3279 = m - 5*h. Calculate the remainder when m is divided by 14.
13
Suppose 42 = k + 2*f - 79, 4*f = 3*k - 353. Suppose 2*c + 486 = -k*m + 123*m, -4*m = -c - 481. What is the remainder when m is divided by 18?
11
Suppose 30*b - 2635 = -205. What is the remainder when 345 is divided by b?
21
Suppose -20*x + 428 = -11*x - 535. Calculate the remainder when 6204 is divided by x.
105
Suppose -15*g + 22*g = 644. Suppose 3*y = n - 7 - 5, -4*y + 40 = n. What is the remainder when g is divided by n?
20
Let a be (2*26 - 1)/(36/24). Let h(w) = w**2 - 30*w - 91. What is the remainder when 126 is divided by h(a)?
36
Let a(h) = -415*h + 421. Let x be a(1). Let y(k) = 0 - 9 + 14*k - 6. What is the remainder when y(x) is divided by 24?
21
What is the remainder when 8182 is divided by (1/(-3))/(25/(-150300)*12)?
166
Calculate the remainder when ((-1492)/(-10))/(((-36)/150)/((-12)/20)) is divided by 305.
68
Let z = -1680 - -1796. Calculate the remainder when 557 is divided by z.
93
Let s(r) = 12*r + 15. Let h(z) = -11*z - 16. Let v(d) = 5*h(d) + 4*s(d). Calculate the remainder when 93 is divided by v(-4).
5
Suppose 4*m = -5*l + 10*l + 1419, -711 = -2*m + l. Let p = m - 312. Calculate the remainder when p is divided by 8.
4
Let l(q) = 54*q - 5275. What is the remainder when 1222 is divided by l(109)?
0
What is the remainder when (2/4)/((-56)/(-140)) - (-998)/8 is divided by 8?
6
Let f = 6746 + -6726. What is the remainder when 3316 is divided by f?
16
Suppose -629*c + 2959 = -618*c. Calculate the remainder when 1081 is divided by c.
5
Let j(h) = -12 + 20 - 9 + 0*h + 2*h. Let g = 79 - 68. What is the remainder when j(22) is divided by g?
10
Let n = -3641 - -3723. Calculate the remainder when 233 is divided by n.
69
Suppose 3*l = -2*l. Suppose w = -l*w + 51. Suppose 22 = 7*n - 160. What is the remainder when w is divided by n?
25
Let c be 14/49 - ((-1508)/14)/1. Suppose h + c = 10*h. Let p(f) = f**3 - 5*f**2 + 7*f - 3. What is the remainder when p(5) is divided by h?
8
Let l = 6591 - 3953. What is the remainder when l is divided by 24?
22
Suppose -7*t + 40 = -51. Let i = -3 + t. Suppose 34 = 3*b - b. What is the remainder when b is divided by i?
7
Suppose -3*h + 8*h = 20. Suppose a + h*a = 5. Let i = a + 5. Calculate the remainder when 15 is divided by i.
3
Let l(s) = 9*s + 91. Let n(y) = y**3 - 8*y**2 - 7*y - 9. Let q be n(9). Suppose -364 = -q*k + 113. What is the remainder when l(19) is divided by k?
50
Let m be -2*4*6/(-3). Let p be (-3 - -3) + m/4. Suppose -5*s - 4*j = -5*j - 93, 86 = p*s + 5*j. Calculate the remainder when 55 is divided by s.
17
Suppose -290*n + 69*n = -5525. What is the remainder when 473 is divided by n?
23
Calculate the remainder when (150/21 - 8)/(9/(-28245)) is divided by 21.
2
Let i = -17 + 23. Suppose 2*z - 12 = 2*x + i, x =